, 557
List the prime factors of 1801430.
2, 5, 151, 1193
What are the prime factors of 48163?
48163
What are the prime factors of 1145808?
2, 3, 73, 109
What are the prime factors of 2497435?
5, 367, 1361
What are the prime factors of 9520009?
157, 60637
List the prime factors of 392422.
2, 37, 5303
List the prime factors of 258516.
2, 3, 43, 167
What are the prime factors of 612243?
3, 59, 1153
What are the prime factors of 2104512?
2, 3, 97, 113
List the prime factors of 664027.
7, 13, 7297
What are the prime factors of 3530102?
2, 1765051
What are the prime factors of 6761377?
7, 139, 6949
List the prime factors of 5918564.
2, 83, 17827
List the prime factors of 18416796.
2, 3, 79, 19427
List the prime factors of 319498.
2, 17, 9397
What are the prime factors of 6535269?
3, 13, 43, 433
What are the prime factors of 349624?
2, 11, 29, 137
List the prime factors of 243795.
3, 5, 16253
List the prime factors of 3100933.
11, 19, 37, 401
What are the prime factors of 6260295?
3, 5, 31, 13463
What are the prime factors of 419760?
2, 3, 5, 11, 53
List the prime factors of 7361354.
2, 7, 11, 13, 3677
What are the prime factors of 503183?
17, 29599
What are the prime factors of 4791794?
2, 7, 31, 61, 181
What are the prime factors of 145951?
13, 103, 109
What are the prime factors of 330644?
2, 131, 631
What are the prime factors of 30202?
2, 15101
What are the prime factors of 3684874?
2, 443, 4159
List the prime factors of 1976987.
1976987
List the prime factors of 130019.
23, 5653
What are the prime factors of 353974?
2, 17, 29, 359
List the prime factors of 623011.
757, 823
What are the prime factors of 3569520?
2, 3, 5, 107, 139
List the prime factors of 10896343.
10896343
List the prime factors of 7701552.
2, 3, 79, 677
What are the prime factors of 67155?
3, 5, 11, 37
What are the prime factors of 3149664?
2, 3, 7, 43, 109
List the prime factors of 2474459.
13, 131, 1453
List the prime factors of 2013968.
2, 11, 11443
What are the prime factors of 9066648?
2, 3, 19, 59, 337
List the prime factors of 83555.
5, 17, 983
What are the prime factors of 1073131?
1073131
List the prime factors of 7012236.
2, 3, 7, 11, 7589
What are the prime factors of 30520?
2, 5, 7, 109
List the prime factors of 878226.
2, 3, 197, 743
List the prime factors of 2371960.
2, 5, 19, 3121
List the prime factors of 5725824.
2, 3, 13, 31, 37
What are the prime factors of 2348667?
3, 163, 1601
What are the prime factors of 371794?
2, 185897
What are the prime factors of 2209405?
5, 11, 17, 139
What are the prime factors of 194173?
7, 27739
List the prime factors of 2208361.
337, 6553
List the prime factors of 314845.
5, 62969
List the prime factors of 104489.
7, 11, 23, 59
What are the prime factors of 18878323?
673, 28051
List the prime factors of 5198801.
29, 179269
List the prime factors of 180792.
2, 3, 31
List the prime factors of 10513457.
29, 43, 8431
List the prime factors of 1246532.
2, 7, 44519
List the prime factors of 2474002.
2, 1237001
What are the prime factors of 205888?
2, 3217
What are the prime factors of 106313?
41, 2593
List the prime factors of 3584624.
2, 157, 1427
List the prime factors of 1640281.
1640281
What are the prime factors of 820559?
820559
What are the prime factors of 11818221?
3, 89, 44263
What are the prime factors of 69774?
2, 3, 29, 401
List the prime factors of 32458220.
2, 5, 751, 2161
List the prime factors of 10916785.
5, 11, 73, 2719
What are the prime factors of 356664?
2, 3, 7, 11, 193
List the prime factors of 36996136.
2, 4624517
What are the prime factors of 6542617?
67, 97651
List the prime factors of 113937.
3, 163, 233
What are the prime factors of 208199?
17, 37, 331
List the prime factors of 12600087.
3, 67, 62687
List the prime factors of 16893.
3, 1877
List the prime factors of 2951543.
7, 557, 757
What are the prime factors of 37230?
2, 3, 5, 17, 73
List the prime factors of 54095.
5, 31, 349
What are the prime factors of 18557057?
47, 67, 71, 83
List the prime factors of 6726121.
887, 7583
List the prime factors of 1761223.
293, 6011
What are the prime factors of 1102559?
53, 71, 293
What are the prime factors of 2081832?
2, 3, 86743
List the prime factors of 1398011.
1398011
What are the prime factors of 190280?
2, 5, 67, 71
List the prime factors of 175869.
3, 19541
List the prime factors of 1564282.
2, 782141
What are the prime factors of 123675?
3, 5, 17, 97
What are the prime factors of 528832?
2, 8263
List the prime factors of 236792.
2, 29599
List the prime factors of 3169648.
2, 397, 499
What are the prime factors of 18927638?
2, 1097, 8627
What are the prime factors of 15487691?
89, 174019
List the prime factors of 215539.
67, 3217
List the prime factors of 1254461.
13, 96497
List the prime factors of 363031.
89, 4079
List the prime factors of 2862811.
7, 43, 9511
List the prime factors of 5099084.
2, 1274771
What are the prime factors of 12173468?
2, 3043367
List the prime factors of 491137.
491137
List the prime factors of 413019.
3, 5099
What are the prime factors of 68965?
5, 13, 1061
What are the prime factors of 15886155?
3, 5, 1059077
What are the prime factors of 2039199?
3, 679733
What are the prime factors of 608676?
2, 3, 50723
List the prime factors of 31005760.
2, 5, 96893
List the prime factors of 575234.
2, 11, 2377
What are the prime factors of 1350428?
2, 337607
What are the prime factors of 184014?
2, 3, 10223
What are the prime factors of 11921215?
5, 37, 64439
List the prime factors of 317082.
2, 3, 43, 1229
What are the prime factors of 18394?
2, 17, 541
List the prime factors of 459280.
2, 5, 5741
List the prime factors of 5226201.
3, 67, 107
What are the prime factors of 1499336?
2, 187417
List the prime factors of 232010.
2, 5, 23201
What are the prime factors of 7987291?
13, 229, 2683
What are the prime factors of 85106?
2, 7, 6079
List the prime factors of 776767.
31, 25057
List the prime factors of 37412.
2, 47, 199
What are the prime factors of 133938?
2, 3, 7, 1063
What are the prime factors of 361323?
3, 19, 2113
List the prime factors of 57382.
2, 13, 2207
List the prime factors of 105226.
2, 11, 4783
List the prime factors of 2527482.
2, 3, 223, 1889
What are the prime factors of 1016536?
2, 283, 449
List the prime factors of 747615.
3, 5, 11, 23, 197
What are the prime factors of 8585176?
2, 1073147
List the prime factors of 3031167.
3, 29, 34841
List the prime factors of 1299215.
5, 197, 1319
What are the prime factors of 18663489?
3, 13, 269, 593
What are the prime factors of 15785?
5, 7, 11, 41
List the prime factors of 3964559.
19, 31, 53, 127
List the prime factors of 605328.
2, 3, 12611
List the prime factors of 203987.
7, 23, 181
What are the prime factors of 12634607?
12634607
What are the prime factors of 159359?
37, 59, 73
List the prime factors of 8705172.
2, 3, 7, 31, 3343
List the prime factors of 50581.
50581
List the prime factors of 366475.
5, 107, 137
What are the prime factors of 494423?
139, 3557
List the prime factors of 541585.
5, 11, 43, 229
List the prime factors of 4044583.
4044583
List the prime factors of 426323.
263, 1621
List the prime factors of 10805178.
2, 3, 1800863
List the prime factors of 2315723.
17, 179, 761
List the prime factors of 206801.
7, 31, 953
List the prime factors of 1619659.
107, 15137
What are the prime factors of 78654?
2, 3, 13109
What are the prime factors of 102473?
7, 14639
List the prime factors of 449852.
2, 13, 41, 211
What are the prime factors of 1134606?
2, 3, 11, 17191
What are the prime factors of 59271?
3, 23, 859
What are the prime factors of 162373?
397, 409
What are the prime factors of 14924777?
7, 73, 29207
What are the prime factors of 9256174?
2, 1307, 3541
What are the prime factors of 1552615?
5, 23, 587
List the prime factors of 79179.
3, 26393
What are the prime factors of 552841?
552841
What are the prime factors of 14540750?
2, 5, 7, 1187
What are the prime factors of 300630?
2, 3, 5, 11, 911
What are the prime factors of 17163972?
2, 3, 7, 68111
List the prime factors of 522008.
2, 23, 2837
List the prime factors of 2405912.
2, 300739
List the prime factors of 566556.
2, 3, 31, 1523
List the prime factors of 252141.
3, 84047
List the prime factors of 6147659.
7, 17, 19, 2719
List the prime fa